n divisor of c and 13.
13
Let q be (1 + (-6 - -2))/(9/24). Suppose -5*f + 0*f = 70. Let v = q - f. What is the highest common divisor of 12 and v?
6
Suppose -4*y + 29*z + 120 = 33*z, -5*y + 2*z = -150. What is the highest common factor of y and 78?
6
Suppose 3*k = 12, -5*o + 7*k - 7 = 4*k. Suppose -55 + 60 = 5*q. What is the greatest common divisor of q and o?
1
Suppose 0 = -40*k + 3518 + 3442. Calculate the highest common divisor of k and 812.
58
Suppose -44*h = -32*h - 156. What is the highest common divisor of h and 104?
13
Let x(c) = -2*c**3 - 7*c**2 - 6*c + 20. Let k be x(-2). Calculate the greatest common factor of k and 2740.
20
Let q(t) be the first derivative of 11*t**2/2 + 108*t - 14. Let b be q(-8). Suppose -d = -4*d + 300. Calculate the greatest common factor of d and b.
20
Let l(z) = -17*z**2 + 135*z + 2. Let i be l(7). Calculate the greatest common divisor of 494 and i.
38
Suppose z - 3 = 0, 174 + 27 = 3*s + z. What is the highest common factor of s and 297?
33
Let w(d) = -2*d**2 - 3*d + 8. Let s be w(-6). Let j be 1 - (-2 + 5 + s). Suppose 7*h - 15*h + 88 = 0. What is the highest common divisor of j and h?
11
Let v(h) = h**3 - 3*h**2 - 42*h + 24. Let c be v(9). Calculate the greatest common factor of 96 and c.
12
Let t(h) = -h**3 - 2*h**2. Let d be t(-1). Let i(r) = 12*r**2 - 2*r - 2. Let o be i(d). What is the highest common factor of o and 48?
12
Suppose 4*f - 22 + 10 = 0. Let c be 2 - (0 - (1 - 2)). Calculate the greatest common divisor of f and c.
1
Let d(k) = 4*k**3 - 9*k**2 + 19*k + 15. Let j be d(5). Calculate the greatest common factor of 35 and j.
35
Let b(m) = -166*m - 4113. Let y be b(-25). Let p(u) = 38*u**2 - 2*u + 1. Let z be p(1). Calculate the greatest common divisor of y and z.
37
Let g = 134 - 122. What is the greatest common factor of 44 and g?
4
Suppose 632 = 2*o - 4*z, -4*o + 1252 = 71*z - 75*z. Calculate the highest common divisor of 30 and o.
10
Suppose -k - 4*i + 8 = -5*i, 0 = -3*k + 4*i + 23. Suppose 16 + k = t. Let l be t - 0 - 10/(-5). Calculate the highest common divisor of 9 and l.
9
Let j be 0 + 4 - (12 + 20/(-2)). Calculate the highest common divisor of 9 and j.
1
Let a = -5 + -32. Let z = 3 - a. Suppose 0*s - z = -5*s. What is the greatest common factor of 40 and s?
8
Let t(r) = 4*r**2 + 3*r. Let n be t(-2). Let f = -3 - 0. Let j be (-192)/(-40)*(-50)/f. Calculate the greatest common divisor of j and n.
10
Let y = -166 + 179. Let g be 18/4*52/6. What is the greatest common factor of y and g?
13
Suppose 0 = -4*k + 285 - 53. Calculate the highest common factor of 754 and k.
58
Let i(s) = 5*s**2 + 20*s - 109. Let h be i(7). What is the highest common divisor of h and 115?
23
Let i(c) = -c + 1. Let r be i(3). Let s be 6 + 0/r - 4. Suppose -s*x + 5*x - 4*p = 144, 0 = 3*x + 3*p - 144. Calculate the greatest common factor of 120 and x.
24
Let w = 1 + 8. What is the greatest common divisor of 171 and w?
9
Let n(q) = 4*q**2 - 3*q + 1. Suppose -2*j - 10 + 2 = 0. Let w be j + 4 + 4 + -1. Let k be n(w). Calculate the highest common divisor of 7 and k.
7
Let r(u) = -3*u + 19. Let l be r(0). What is the greatest common divisor of 38 and l?
19
Suppose -5*g = -2*x - 514, 0*g - x = 3*g - 315. Suppose 4*n + 21 - 53 = 0. Calculate the greatest common divisor of g and n.
8
Suppose 3*t = 7*t - 160. Let g(j) = 3*j**2 - 10*j**2 - j + 1 + 5*j**2 + 2*j**3 + 1. Let z be g(2). Calculate the highest common factor of z and t.
8
Suppose -3*x = -2*x - 7. Suppose -2 = 5*n + 8, 0 = -5*q + 2*n + 319. Calculate the highest common factor of x and q.
7
Suppose -4*k - 5*s + 956 = 110, 5*k + 3*s - 1051 = 0. Suppose -3*x - x + 76 = 0. What is the greatest common divisor of k and x?
19
Let y(p) = -15*p + 12*p**2 + 4*p**3 + 5*p**2 + 17 - 4*p**2 - 3*p**3. Let k be y(-12). What is the greatest common divisor of 31 and k?
31
Let p be (207/27)/(4/12). Calculate the greatest common factor of p and 46.
23
Suppose -5*h + 740 = -5*z, -z = -3*h + z + 440. Let o be 60/(-8)*(-24)/10 - (-14 + 14). Calculate the greatest common divisor of o and h.
18
Let w(z) = -z**3 + 7*z**2 + 5*z + 9. Let o be w(8). Let b be (-66)/o - 2/5. Calculate the highest common factor of b and 32.
4
Let d(x) = 5*x - 10. Let p be d(18). Calculate the greatest common divisor of p and 50.
10
Suppose 0*a - 4 = -2*a. Suppose a*b + 365 - 125 = 0. Let q = -72 - b. What is the greatest common factor of q and 12?
12
Let f = 185 - 163. Calculate the greatest common divisor of 77 and f.
11
Let o = -28 + 62. Let z be ((-9)/(-2))/(1/o). Let j = 2 + 15. Calculate the greatest common factor of z and j.
17
Let f be 205 + (6/(-3) - 0). Let r = f - 143. Let o = -33 - -53. Calculate the highest common divisor of r and o.
20
Let j(c) = 3*c**3 + c**2 - 2*c + 1. Let g be j(1). Suppose t = -g*t + 60. Calculate the highest common factor of 3 and t.
3
Let g be (-8 - -3) + 2 - 1. Let n be (-28)/6*6/g. Suppose -2*j + y - 2*y = 1, 3*y + 10 = j. What is the highest common divisor of n and j?
1
Let q = -131 + 132. Let l = 27 - 19. What is the highest common divisor of q and l?
1
Let p be 214 + (8/6 - (-9)/(-27)). Calculate the highest common divisor of p and 86.
43
Let a be (-6)/15 + (-27)/(-5). Suppose a = -3*y + 26. Suppose -y*s = -2*s - 40. What is the greatest common divisor of 72 and s?
8
Let v be 2/(-8) + 2/8. Suppose 4 = 3*l - 2*u, v = -2*l - 3*u - 7 + 27. Let m(n) = -18*n - 458. Let h be m(-26). Calculate the greatest common factor of l and h.
2
Let v = -17 + 14. Let k be 83 + (v - 12/(-3)). Calculate the greatest common factor of k and 21.
21
Let p be 193154/1955 + ((-16)/(-10))/(-2). Suppose z = 6 + 8. What is the greatest common divisor of z and p?
14
Let u(f) = 2*f**3 + 27*f**2 + 2*f + 40. Let j be u(-12). What is the greatest common factor of 28 and j?
28
Let v(z) = 3*z**3 - 23*z**2 - 5*z - 18. Let h be v(8). Suppose 5*u - 2*u - 27 = 0. What is the greatest common divisor of h and u?
3
Let r = -221 - -243. What is the highest common divisor of 594 and r?
22
Let p(h) = -h**2 - h + 2 - h + 0*h**2 + 6*h. Let r be p(8). Let i = 42 + r. Calculate the greatest common factor of i and 36.
12
Let j be (1*4)/(24/126). What is the highest common divisor of 2 and j?
1
Let f(m) = -2*m**2 + 21*m + 28. Let r be f(10). Let c = 237 - 142. Calculate the highest common divisor of c and r.
19
Let q = 13 - 9. Suppose -3*j + 3*i = -4 - 2, -q*j - 3*i = -22. Suppose 4*n - 8*n + 8 = 0, 0 = 4*y + 3*n - 134. What is the highest common divisor of y and j?
4
Let g(d) = 4*d**3 - 178*d**2 - 88*d - 77. Let u be g(45). Let x(j) = 30*j**2 - 3*j + 3. Let k be x(2). Calculate the highest common divisor of k and u.
13
Let i(d) = -3*d + 32. Let u be i(6). Calculate the highest common factor of 378 and u.
14
Suppose 0 = 3*m + 2*l - 79, 3*m = -4*l + 30 + 53. Suppose 3*p = -4 + m. Calculate the highest common divisor of 63 and p.
7
Let p = -440 - -1412. Calculate the greatest common divisor of 54 and p.
54
Let u be (-12)/8*(-644)/6. Let w = 1379 + -1356. Calculate the highest common factor of u and w.
23
Let p(a) = a**3 + 8*a**2 - 10*a - 91. Let c be p(-7). What is the highest common factor of 140 and c?
28
Suppose 0 = -12*b + 21*b - 648. Calculate the highest common divisor of 180 and b.
36
Suppose 0 = 82*b - 416 - 978. Let o(q) = -q**2 - 8*q - 4. Let m be o(-5). Let s = m + b. Calculate the highest common factor of s and 7.
7
Suppose 3*f = 6, f + 51 = 5*n - 62. Suppose 8*t - 1117 = 539. Calculate the highest common factor of t and n.
23
Let l(j) = j**3 - 4*j**2 + 3*j + 2. Let v be l(3). Suppose v*b - 57 = 63. What is the highest common factor of b and 24?
12
Let u(j) be the first derivative of j**3/3 - 2*j + 4. Let p be u(-3). Calculate the greatest common divisor of 7 and p.
7
Let t = -3265 + 3307. What is the greatest common divisor of t and 90?
6
Let w(d) = -2*d**3 - 6*d**2 + 9*d + 1. Let r be w(-6). Let n = -51 + r. What is the highest common factor of 14 and n?
14
Let w = 99 - 98. What is the greatest common divisor of 14 and w?
1
Let q(u) = 9 + 2*u - 3*u - 5*u. Let d be q(-5). Calculate the greatest common divisor of 13 and d.
13
Let t be 2 + 1 + 63 + (18 - 21). Calculate the greatest common divisor of 18 and t.
9
Let n = 244 - 196. What is the highest common divisor of n and 32?
16
Let f be (4/18)/((-14)/(-378)). What 